. What is the remainder when (289 - p)/3 - -2 is divided by m?
31
Suppose 0 = -q + 5*l + 41, q + 0*q - 2*l = 56. Let j = -216 + 233. Suppose 2*u - 51 - j = 0. Calculate the remainder when q is divided by u.
32
Let z(l) = l**2 + 28*l - 60. Let h be z(-21). Let w = h - -227. Let t(v) = 2*v - 5. Calculate the remainder when w is divided by t(6).
6
Let j = 3030 + -2804. What is the remainder when j is divided by 33?
28
Let x(s) = 7*s**2 - 80*s + 160. What is the remainder when 11337 is divided by x(2)?
25
Suppose -5 = -6*c + 949. Suppose 96*v - 38*v - 2030 = 0. What is the remainder when c is divided by v?
19
Let q be ((-6)/10)/(22/(-990)). Suppose -q*l + 24*l + 60 = 0. Calculate the remainder when 79 is divided by l.
19
Let r = 322 + -338. What is the remainder when (-3 - r/(-6))/((-1)/9) is divided by 28?
23
Suppose h + 178 - 34 = 4*h. Calculate the remainder when 135 is divided by h.
39
Let t(z) = 3 + 20*z**2 - 6*z - z**3 - 19*z**2 + 2*z**3. Let p be t(-3). Suppose p*f = -38 + 89. Calculate the remainder when 49 is divided by f.
15
Let m be (8/20)/(4/1020). Let g = -96 + m. What is the remainder when 34 is divided by g?
4
Suppose 0*d + d - 226 = 0. What is the remainder when d is divided by 3 + (5 - (6 + -2))*(-40 + 63)?
18
Let d = 36 + -26. Suppose 3*j - 48 = -5*l - 208, -4*j = 4*l + 224. Calculate the remainder when ((-108)/60)/(4/j) is divided by d.
7
Suppose 11*p - 5*p + 493 = 35*p. Calculate the remainder when (-4)/14 + (-443)/(-7) is divided by p.
12
Suppose 0*t + 5*t + 2 = 4*p, 4*t + 5*p = 23. Let w be (-11 - -8)/(t/(-6)). Suppose -11*r + 20 = -w*r. Calculate the remainder when 19 is divided by r.
9
Suppose -28*b + 0*b + 2880 = 4*b. Calculate the remainder when b is divided by 26.
12
What is the remainder when 593 is divided by 2*(-1)/(-2) + (-217 - -291)?
68
Suppose -3*q + 5*q = 20. Suppose 28 = q*d - 12. Suppose 5*f - d*m = 20 - 3, 5*f + 2*m = 29. Calculate the remainder when 14 is divided by f.
4
Calculate the remainder when (306 - 1)/(((105/5)/(-7))/(-3)) is divided by 52.
45
Let l be 14/4*-2*(-1 - 0). Suppose -4 = -h + l. Let p = h - -29. What is the remainder when 117 is divided by p?
37
Suppose -7*j + q = -9*j + 2031, q - 1019 = -j. What is the remainder when j is divided by 112?
4
Let r be (-12)/(-16) - 7496/(-32). Suppose 4*i = -i + r. Calculate the remainder when i is divided by 25.
22
Let m(k) = k**2 - 68*k + 450. What is the remainder when m(70) is divided by 74?
72
Let s = -135 - -241. Suppose -96 = -32075*l + 32067*l. What is the remainder when s is divided by l?
10
Calculate the remainder when 525 is divided by (32 - 10 - 26) + (62 - -1).
53
Suppose -12 + 4 = -4*a. Let w(c) = 6*c - 12. Let t be w(2). Suppose t = -57*m + 60*m - 27. What is the remainder when m is divided by a?
1
Let r = 35 - 28. Suppose -4*k = -5*a + r, a + k = -3 + 8. What is the remainder when ((-258)/(-15) - 4)/(a/20) is divided by 6?
4
Suppose 0 = 55*k - 54*k - 208. Calculate the remainder when k is divided by 50.
8
Suppose -24*p + 4619 = -2149. Calculate the remainder when p is divided by 152.
130
Suppose 2*x - 3 = 7. Suppose 0 = 14*n - x*n - 594. Suppose 3*u + 8 + n = 4*t, -30 = -2*t + 5*u. What is the remainder when t is divided by 8?
4
Suppose -2*l + 6*l = -16, 0 = s - l - 16. Let u be (0 + -1 - -240) + -7 + 6. Suppose 6*o + o = u. What is the remainder when o is divided by s?
10
Let s be 42/(-21) + -1 + 5. Suppose -75 = s*f - 5*f. Suppose 2*r - 4*r + 18 = 0. Calculate the remainder when f is divided by r.
7
Let g = 132 + -191. Let k = g + 76. Let z = k - 16. Calculate the remainder when 1 is divided by z.
0
Suppose c - 4*g = -g + 52, -4*g = -4*c + 200. Let k = -4310 + 4328. What is the remainder when c is divided by k?
13
Let x(r) = 132*r**3 + 7*r**2 - 4*r - 9. Calculate the remainder when x(5) is divided by 50.
46
Suppose -91*s + 94*s = 3*k - 1587, -k = 5*s - 613. Suppose -6*z + 85 = -z. What is the remainder when k is divided by z?
16
Let z = -8477 + 8537. Calculate the remainder when z is divided by 49.
11
Let i(x) = 13*x**2. Let u = 603173 - 602980. Calculate the remainder when u is divided by i(1).
11
Let p = -64 + 44. Let g be (p - 170)/(4/(-10)). Suppose -9*d + g = -4*d. Calculate the remainder when d is divided by 14.
11
Suppose -3*q - 5*r = 2*q - 520, 2 = -2*r. Suppose 4*u = 5*l - 165 + 619, 2*u = 4*l + 230. Let m = -84 + u. What is the remainder when q is divided by m?
24
Suppose -2*l + 123 = q - 3*l, -2*q - 4*l + 258 = 0. Suppose 4*m + 37 - q = 0. What is the remainder when m is divided by (-2)/8 + 729/36 + -8?
10
Let t(l) be the second derivative of l**4/6 - 6*l**3 + 18*l**2 - 6*l. Calculate the remainder when 2 is divided by t(17).
0
Let i(o) = o**2 - 11*o - 30. Calculate the remainder when i(21) is divided by 10.
0
Let c(d) = 79*d**3 - 3*d**2 + 5*d - 3. Calculate the remainder when 291 is divided by c(1).
57
Let s(w) = -w**3 + 8*w + 6. Let t(k) = 3*k - 76. Let a be t(24). What is the remainder when s(a) is divided by 22?
16
Suppose y - 5*y + 268 = 0. Suppose 13*c + 5*c - 90 = 0. Let l(b) = 3*b**2 - 12*b + 3. What is the remainder when y is divided by l(c)?
13
Let p(k) = -67*k - 1. Let n be 8/10*900/72. Calculate the remainder when p(-2) is divided by (-3 + -8 + n)*-34.
31
What is the remainder when 1489 is divided by ((-710)/(-6))/(600/360)?
69
Let w(b) = b + 11. Let u be w(-6). Suppose 48 = h - 4*s, u*s + 44 = h - 0*s. What is the remainder when h is divided by (365/25 - 3) + 21/15?
12
Let p = -7317 + 7363. Calculate the remainder when 3953 is divided by p.
43
Let q = 4962 - 4929. What is the remainder when 37 is divided by q?
4
Suppose -3*c = 9, 2*w + c - 74 = 47. Suppose 2*g - 23 - 39 = -2*k, k - 5 = 0. Calculate the remainder when w is divided by g.
10
Let g = -437 - -198. Let o = g + 252. What is the remainder when (4/5)/(4/250) is divided by o?
11
What is the remainder when (0 - (-3)/(-30)) + (-1821739)/(-190) is divided by 70?
68
Let b = -11 + 137. Suppose 0 = -f + d - 15 - 24, -3*f + 4*d - 120 = 0. Let r = 79 + f. What is the remainder when b is divided by r?
40
Suppose 0 = -2*o + 3*l - 28, 6*o - 3*l + 48 = 3*o. Let t = 41 + o. Calculate the remainder when (7/(168/234))/(13/52) is divided by t.
18
Calculate the remainder when (4 + -3)/((-50)/(-2840))*(-15)/(-6) is divided by ((-675)/(-9))/(3/2).
42
Let c(q) = 4*q + 47. Suppose 2*r + 2*w - 30 = 0, 5*w - 8 = -33. Calculate the remainder when c(0) is divided by r.
7
Let d = 782 + -745. Let g = -257 + 391. What is the remainder when g is divided by d?
23
Let w be -1*(-9)/(-12)*(-8)/2. Let x be 329/w - 3/(-9). Suppose -x = -2*i - 68. Calculate the remainder when i is divided by 11.
10
What is the remainder when (150/(-40))/(15/(-2320)) is divided by 144?
4
Let w(f) = -f**2 + 34*f - 148. What is the remainder when 415 is divided by w(28)?
15
Let v = 26453 - 26161. What is the remainder when 2318 is divided by v?
274
Suppose -p - 1 = 4, -17 = 2*k + 5*p. Suppose 13*w - 16*w = -79 + 55. Suppose -w*o + 4 = -k*o. Calculate the remainder when 5 is divided by o.
0
Suppose 87*a + 73 - 1450 - 3495 = 0. Calculate the remainder when 68 is divided by a.
12
Suppose 4*s - 16 = 0, -5*k + 558 = 12*s - 15*s. Calculate the remainder when 361 is divided by k.
19
Let p be (-15 + -5)*6/(-5). Let x = p + -1. Let l(k) = 96*k**2 - 674*k + 22. What is the remainder when x is divided by l(7)?
7
What is the remainder when 2094/4*354/531 is divided by 24?
13
Let b(i) = 2*i**2 + 3*i - 51. Let d be b(5). Suppose -d = -8*y + 66. What is the remainder when 65 is divided by y?
5
Let g(x) = x + 1. Let m(h) = h + 1. Let u(s) = -4*g(s) + 9*m(s). Let w be (8*(-4)/40)/(2/(-15)). What is the remainder when u(w) is divided by 6?
5
Suppose 117 = -5*q + 3*h + 248, 4*q - 5*h = 123. Calculate the remainder when 200 is divided by q.
2
Suppose 7*h = -t + 2*h - 26, 5 = -h. Calculate the remainder when (-4715)/(-25) - 8/20*t is divided by 58.
15
Suppose -98*k + 98579 + 63880 = -102141. What is the remainder when k is divided by 60?
0
Let x(w) be the first derivative of 9*w**2/2 - 12*w - 30. Let y be x(4). Suppose -184 = -13*r + y. What is the remainder when 63 is divided by r?
15
Let y = 3417 - 2249. Suppose 5*z + t - 1347 = 599, -t = 3*z - y. Calculate the remainder when z is divided by 14.
11
Suppose -3*w = -4*w + 27. Supp